3 + -48. Let n = -211 + a. List the prime factors of n.
2, 3, 19
Let k = 11 - 7. Suppose -k*z + 3*x + 96 = -z, -3*z - 2*x + 96 = 0. Suppose -b - z = -5*b. List the prime factors of b.
2
Let q be (-23)/(-5) + (-10)/(-25). Suppose -21 = 3*h - 4*h - 5*b, q*h - 126 = -4*b. Suppose -u = 2*l - 10, -h = -u - 0*u + 2*l. List the prime factors of u.
2, 3
Suppose 5*a = -49 + 2004. List the prime factors of a.
17, 23
Let h(a) = -a**2 - 7*a + 6. Let c be h(-8). Let g be (5 - -2)/(2/c). What are the prime factors of g/(7/(-18)) + -1?
17
Let c(z) = -4*z + 8. Suppose v - 4 + 0 = 0. Let l be c(v). Let w(k) = -2*k + 5. What are the prime factors of w(l)?
3, 7
Let m(l) = 4*l + 176. Let w be 0/((-4)/(-1 + 0 - 1)). What are the prime factors of m(w)?
2, 11
Let p(s) = -s**3 + 9*s**2 - 7*s - 9. Let k be p(8). Let o be -6*k*2/2. What are the prime factors of (18 - o/(-3))*1?
2, 5
Let c be 2 + (120/32)/((-2)/8). Let v = c + 56. What are the prime factors of v?
43
Let g = -2418 + 3632. What are the prime factors of g?
2, 607
List the prime factors of (-2 - (-1068)/(-4))/(-1).
269
What are the prime factors of (-3)/(-6) - (-17037)/18?
947
Let i(q) = -q. Let p(z) = -3*z + 9. Let t(k) = -4*i(k) + p(k). What are the prime factors of t(4)?
13
Suppose w = 5*r + 193, -3*w + r - 58 = -623. Let q = w - 80. List the prime factors of q.
2, 3
Let h(b) = 153*b**2 - 2*b - 5. List the prime factors of h(-2).
13, 47
Suppose -212*s = -203*s - 5643. List the prime factors of s.
3, 11, 19
Let o(a) = a - 10. Let k(b) = 1. Let d(f) = 5*k(f) - o(f). Let h be d(7). List the prime factors of ((-45)/(-12))/(2/h).
3, 5
Suppose -d = -6*d + 10. Suppose 0 = -5*w - x + d*x + 631, -w - 2*x + 135 = 0. List the prime factors of w.
127
Let w be -4 - 2*(-20)/8. Let o be (-1)/(1/(-18)*w). Let d = o - 14. What are the prime factors of d?
2
Suppose -3*l = 7 - 1. Let c(m) = 11*m**2 + 1 + 3*m + 4*m**2 - 3*m**2 - 5*m**2. List the prime factors of c(l).
23
Let m = 21 - 19. Let x(u) = 20*u**2 + u - 5. List the prime factors of x(m).
7, 11
Let r = 4576 - 2983. List the prime factors of r.
3, 59
Suppose -41*x - 8559 + 34512 = 0. List the prime factors of x.
3, 211
Suppose 0*g - 2*g - 5*o = -13, 5*g - 25 = -5*o. Suppose -r + g*h = 2*h - 59, 2*r - 86 = -4*h. What are the prime factors of r?
3, 17
Let l = -156 + 365. Let t = -110 + l. List the prime factors of t.
3, 11
Let l(d) = d**2 - 5*d + 4. Let h be l(5). Suppose -9*b + h*b - 5 = 0. List the prime factors of 4*(2 + b/2).
2, 3
Let q(b) = b**3 - 16*b**2 + 15*b + 4. Let z be q(15). Suppose -3*g + 15 = z*d - 47, -3*g = -5*d - 17. What are the prime factors of g?
2, 7
Suppose -4*i + s + 179 = 0, -184 = -4*i + 2*s - 6*s. Let y = 80 - i. Suppose -2*n + 5*n - 197 = -5*j, -j + y = 5*n. List the prime factors of j.
2, 5
Let m be (0 + -39)/((-6)/40). Suppose -m = -15*p + 10*p. List the prime factors of p.
2, 13
Let n(r) = -r**2 + 24*r + 84. Let w be n(27). Suppose 0*s - 40 = 4*s. List the prime factors of 119/w - s/30.
2, 5
Suppose 5*v = x + v - 4240, -4*v = 3*x - 12752. What are the prime factors of x?
2, 3, 59
Let b = 1970 - -53. List the prime factors of b.
7, 17
Let i = 9104 - 6276. List the prime factors of i.
2, 7, 101
Let s = -1039 + 1617. What are the prime factors of s?
2, 17
Suppose 4*p - b = 2128, -p = 3*b + 2*b - 553. What are the prime factors of p?
13, 41
Let i(w) = -4*w**2 + 2*w - 7. Let m(k) = -7*k**2 + 4*k - 13. Let r(j) = 5*i(j) - 3*m(j). Suppose 9*y + 18 = 18*y. List the prime factors of r(y).
2
Suppose -2*b + w = b - 433, 0 = 5*b + 5*w - 715. What are the prime factors of b?
2, 3
Let d(k) = -3*k - 5. Let u be d(2). Let w(j) = j**3 + 9*j**2 - 29*j - 12. List the prime factors of w(u).
5, 13
Suppose 2*p = -10, 4*x - 6*p = -5*p + 2133. List the prime factors of x.
2, 7, 19
Let s(o) = -o**2 - o. Let u(i) = -i**3 + 7*i**2 + 6*i + 75. Let r(p) = 6*s(p) + u(p). Let b be r(0). List the prime factors of (0 - 1)/((-5)/b).
3, 5
Suppose -2*a + 1 = 4*p - 9, 2*p = -5*a - 15. Suppose 0 = p*c, -4*c + 5*c - 12 = -3*f. Suppose f*h = 54 + 22. What are the prime factors of h?
19
Suppose 1398 = 2*p + 2*x, -3*p - 22*x + 2097 = -17*x. What are the prime factors of p?
3, 233
Suppose -4*g + 6*g = -3*h + 252, -h = -4*g + 504. What are the prime factors of g?
2, 3, 7
Suppose 6 = -6*z + 3*z. List the prime factors of z + 3 - 5 - -31.
3
Let b be 15/(-1)*3/3. Let u = -30 - b. List the prime factors of (-415)/(-25) - 6/u.
17
Let x = -26 + 715. What are the prime factors of x?
13, 53
What are the prime factors of 15*130/100*112?
2, 3, 7, 13
Suppose 2531 = 6*c - 5383. What are the prime factors of c?
1319
Suppose 0 = -3*v, -5*v = -4*c + 44 + 652. What are the prime factors of c?
2, 3, 29
Suppose -3*x - 3*l + 457 + 2 = 0, x = -2*l + 148. Let d = 105 - x. Let z = d - -109. List the prime factors of z.
2, 7
Suppose 16*b - 2850 = 1342. List the prime factors of b.
2, 131
Suppose -3*v = 2*p - 179, 2*v + 44 = p - 35. List the prime factors of p.
5, 17
Suppose 7*m - t = 4*m - 59, 3*m + 79 = -4*t. What are the prime factors of 3/(-2)*3416/m?
2, 61
Suppose -b = 3*h - 8, 5*h - 6*b + 3*b = 18. Suppose -4*l = h*j - 17, -l = j - 0 - 5. What are the prime factors of j?
3
Suppose -h = -3*i + 12 + 11, 0 = i + h - 1. Suppose 2*p = i*p - 24. Suppose 0 = -4*k + k + p. List the prime factors of k.
2
Let w(u) be the third derivative of -5*u**4/12 + 5*u**3/6 + 7*u**2. What are the prime factors of w(-3)?
5, 7
Let w = 2450 - 1337. What are the prime factors of w?
3, 7, 53
Let p(o) = 2 + 2 + 0 + 4*o - 3. Let k(i) = -5*i - 1. Let a(d) = -4*k(d) - 6*p(d). List the prime factors of a(-7).
2, 13
Let b = 52 + 268. What are the prime factors of b?
2, 5
Suppose 0 = l - 2 - 1. Suppose 0 = -m + 3*s + 51, -4*m = l*s + 2*s - 153. Suppose -8*a + 7*a = -m. What are the prime factors of a?
2, 3, 7
Let j(n) = 6*n**2 - 13*n + 17. What are the prime factors of j(10)?
487
Let h = 22 + -18. Suppose 0 = -w - q + 79, 0 = q - 5 + h. What are the prime factors of w?
2, 3, 13
Let p be (-1124)/(-14) + 4/(-14). Suppose 3*h + p = 5*h. What are the prime factors of h?
2, 5
Suppose a - 4*u = 377, -2129 = -4*a + 2*u - 649. Let w = a + -260. List the prime factors of w.
109
Let d = 1642 - 2821. What are the prime factors of d/(-36) - (-2)/8?
3, 11
Suppose 4*t = 7*t - 2*l - 407, 0 = -2*t - 2*l + 288. Suppose -2*u + t + 23 = 2*v, -5*u = -4*v + 360. What are the prime factors of (v/(-5))/(0 - 1)?
17
Let q(u) = -4*u**3 - 5*u**2 - 4*u. Let t be q(-3). Let m = t - 60. What are the prime factors of m?
3, 5
Suppose -3*h + 32 = 2. Let p(n) = n + 1. List the prime factors of p(h).
11
Suppose -5 = x + 6. Let r be 2/x + 1010/110. Suppose v - 46 = -r. List the prime factors of v.
37
Suppose 0 = 4*y + 2*r + 8, 3*y = 2*y + 4*r - 20. Let w(g) = -g**3 - 9*g**2 - 5*g - 6. Let b be w(y). Let n = 112 + b. List the prime factors of n.
2, 23
Let o be (3 - 1) + (-3 - -3). Suppose -4*d + 176 = o*n, 18 = 4*d + 3*n - 160. List the prime factors of d.
43
Suppose 358 = 11*j - 1490. Let y = 274 - j. What are the prime factors of y?
2, 53
Suppose 4*s - 2*t - t = 36, 4*t = s - 22. Suppose -3*g + r - s*r + 124 = 0, 2*r = g - 56. What are the prime factors of g?
2, 3
Let x(d) = -3*d - 28. Let n(s) = s**3 + s**2 - 2*s - 20. Let i be n(0). What are the prime factors of x(i)?
2
Suppose 30 = -25*n + 20*n. Let t = n - -9. Suppose 0 = -5*s + s + 16, t*s = 3*a - 9. What are the prime factors of a?
7
Let f(r) = r - 12. Suppose 2*u + 48 = 6*u. Let g be f(u). Suppose -3*q - 5*s = g, -7 = -4*q - 3*s + 4. List the prime factors of q.
5
Let u(f) = 3*f**2 - 14*f. Let s be u(6). Suppose -s = -4*g - 0. What are the prime factors of g?
2, 3
Suppose 0 = 14*s - 17*s + 7266. What are the prime factors of s?
2, 7, 173
Let b be -6*9/(-243) - (-302)/18. Suppose b*z - 1047 = 1112. What are the prime factors of z?
127
Let j(k) = -408*k**3 + k**2 + 2*k + 2. List the prime factors of j(-1).
409
Let i(c) = c**3 - 30*c**2 + 26*c - 7. List the prime factors of i(30).
773
List the prime factors of (9/2)/((-39)/(-416)).
2, 3
Suppose 0*z + 4480 = 16*z. What are the prime factors of z?
2, 5, 7
Let r(y) = -119*y**3 + 1. Let i be r(-1). List the prime factors of 0/3 - i/(-2).
2, 3, 5
Let j(x) be the second derivative of x**4/12 + x**3/2 - 2*x**2 - 2*x. Suppose -2*i + 5*b = 3*i - 20, 4*i + 2*b - 10 = 